undreds digit of m?
1
Let v(o) = -o**3 + o**2 + 3*o + 19. Let t be v(0). Suppose 0 = -3*q - 3*c - 39, -2*q + 4*c - 1 = t. Let b = q + 22. What is the units digit of b?
0
Let m(h) = 45*h - 135. Let s be m(3). Suppose s = 23*z - 2545 - 23583. What is the tens digit of z?
3
Suppose 7852 - 31282 = -15*m. What is the units digit of m?
2
Suppose 4*c = -4*g + 310 + 926, -3*g = 5*c - 1539. Suppose c = 4*o + 106. Let m = 46 + o. What is the units digit of m?
6
Suppose -3*f + 416 = -j, -5*j - 146 = -4*f + 1912. What is the units digit of (-30)/(-4)*j/15*-3?
5
Let o(f) = 10*f**2 - 7*f - 7. Let r be o(4). Suppose 0 = -5*q + r - 25. Suppose 13*l + q = 18*l. What is the units digit of l?
4
Let v(a) = -687*a + 28823. What is the thousands digit of v(0)?
8
Let d(o) = -4*o + 45. Let l be d(-5). What is the units digit of (4524/l)/((-4)/(-10))?
4
Let n(a) = a**2 - 8*a + 14. Let q be n(6). Suppose 4*o = -q*y - 3*y + 139, 4*y - 62 = -2*o. What is the units digit of o?
1
Suppose -179809 - 125391 = -25*i. What is the tens digit of i?
0
Suppose -4*n + 778 = 3*u - 3940, 5*u + 5*n - 7865 = 0. Let o = u + -692. What is the units digit of o?
2
Suppose 3*t = 6, -2*l - 2*t + 10 = -0*l. Let v be (-206)/(0 + 12/l - 2). What is the tens digit of 5/(5 - 6)*v/5?
0
Suppose -7*p = -318 - 102. Suppose -63*l + 150 = -p*l. What is the tens digit of l?
5
Suppose 64*a - 233828 = -34*a. What is the units digit of a?
6
Suppose 81 = 17*x - 89. Let s be ((-48)/x)/(-9*6/(-4185)). Let u = 546 + s. What is the hundreds digit of u?
1
Suppose -h = 3*h + 216. What is the units digit of 1484/9 + (-6)/h?
5
Suppose 1353 - 81 = -8*c. Let v = 826 - c. What is the tens digit of v?
8
Let b = 1344 - 913. What is the hundreds digit of b?
4
Let o be (4/7)/(1/7). Let f be (88/(-77))/(o/(-14)). Suppose -238 = -f*i - 5*n, -4*n - 118 = -2*i - 6*n. What is the units digit of i?
7
Suppose 7555 = 4*t - q, 0 = -2*t + 5*q - 81 + 3872. What is the thousands digit of t?
1
Let n(t) = 148*t**3 - 6*t**2 + 75*t - 4. What is the thousands digit of n(8)?
5
Suppose -u = 17*b - 53208, 30*u - 53184 = 29*u - 5*b. What is the hundreds digit of u?
1
Let g(z) be the second derivative of z**5/40 + 7*z**4/6 + 5*z**3/2 + 3*z. Let t(f) be the second derivative of g(f). What is the tens digit of t(16)?
7
Let o = -32686 + 46030. What is the hundreds digit of o?
3
Let v be (49 + -3 - 6)*12/10. Let k = 16 + v. What is the hundreds digit of ((-4)/(k/28))/(2/(-152))?
1
Let z = 481 - 320. What is the units digit of (1 + 0 - 0)/(z/59570)?
0
Let n(u) = 38*u + 3828. What is the units digit of n(-94)?
6
Let v be 3/(1/(-1)) - (0 + -3). Let n be (94 - -1)*2/(80/24). Suppose -d = -v*d - n. What is the tens digit of d?
5
Suppose 58 = 5*h - 2*a - 2*a, 0 = h - 4*a - 18. Suppose 3*m + 49 = h*m. Suppose m*g - 4*g = 306. What is the units digit of g?
2
Suppose -82 + 244 = 18*s. Let u be ((-3)/s)/((1/6)/(-1)). Suppose -4*d = -4*j + 744, u*d - 339 = -2*j + 49. What is the hundreds digit of j?
1
Suppose 5*u = -z + 121253, 4*u - 32*z - 97036 = -28*z. What is the units digit of u?
2
Let b(t) = 9*t + 259. Let x be b(18). Suppose 2*c - 1463 + x = -5*i, 3*i = 2*c - 1074. What is the units digit of c?
1
Let i = -4 + 7. Suppose -5*t - 4 = 3*m - 14, 18 = -i*t + 3*m. Let x(g) = -129*g**3 + 2*g**2 + 4*g + 3. What is the units digit of x(t)?
0
Let v = -581 + 6628. What is the tens digit of v?
4
Suppose -17*x - 22*x - 39*x + 2790060 = 0. What is the tens digit of x?
7
Let t(p) = -p**2 - p + 32. Let o be t(5). Suppose 2*b - 1028 = -2*k, -5*b - 706 = -o*k + 294. What is the hundreds digit of k?
5
What is the tens digit of -11*(-22 + 18 + (-1358)/2)?
1
Suppose 2001 = -98*z + 101*z - 99. What is the tens digit of z?
0
Suppose -2*k + z - 4*z = 0, -k + z = 0. Suppose -5*t + 1301 + 1049 = k. Suppose t = -9*n + 1298. What is the tens digit of n?
9
Suppose 41 - 161 = -3*r. Suppose -8*k - r + 144 = 0. Let t(h) = h**3 - 13*h**2 + 12*h - 31. What is the hundreds digit of t(k)?
1
Let x = 15355 - 6041. What is the units digit of x?
4
Let f(d) = -2*d**3 - 92*d**2 - 106*d - 151. What is the hundreds digit of f(-45)?
5
Let x(j) = 188*j**3 + j**2 + j + 2. Let i be x(2). Suppose d = 13*d - i. What is the tens digit of d?
2
Let z(u) = -344*u**3 + 6*u**2 + 5*u + 2. Suppose -4 = 3*s - 1. What is the tens digit of z(s)?
4
Let t(b) = -25*b**3 - 2*b**2 + 5*b - 4. Let p be t(2). Let m = p + 322. What is the units digit of m?
0
Suppose -4 + 96 = -m. Let n = 227 + m. What is the tens digit of n?
3
What is the ten thousands digit of 147214/12 - (-40)/240?
1
Suppose 4*j + 3*r + 1772 = 359, -r = -5*j - 1790. Let v = 1310 + j. What is the tens digit of v?
5
Let z(r) = -r**3 + 10*r**2 - 9*r + 6. Let g be z(9). Suppose -i + 5*j - 4 = g*j, -28 = 2*i - 2*j. What is the hundreds digit of ((-6)/(-4))/(i/(-1086))?
1
Let d(z) = 3*z + 45. Let p be d(-17). What is the tens digit of p - (6*-12 - -4)?
6
Let o(i) be the third derivative of i**5/30 + i**4/12 - 19*i**3/6 - 13*i**2. Let r(q) be the first derivative of o(q). What is the units digit of r(2)?
0
Let o = -59 - -51. Let a = -4 - o. Suppose 8*c = -a*c + 504. What is the units digit of c?
2
Let f = 60608 - 44681. What is the ten thousands digit of f?
1
Suppose 0 = q - 24*j - 7076, -2*j + 3 = 7. What is the tens digit of q?
2
What is the tens digit of 2743962/2262 - (-2)/(-29)?
1
Let q(a) = -4*a**2 + 7*a - 35*a + 16*a + 9 + 54*a. Let i be q(10). Let j = i + 128. What is the tens digit of j?
5
Let f(v) = -v**2 + 12*v + 58. Let l be f(13). What is the units digit of l/36 - 2871/(-4)?
9
Let l = 16 + -14. Suppose 0*q + 248 = l*q + 3*g, -2*q - g = -240. Suppose 4*y = -3*c + 327, -q - 318 = -4*c - 5*y. What is the units digit of c?
9
Let s(u) be the third derivative of u**6/120 + 3*u**5/20 + u**4/24 + u**3 - 14*u**2. Let n be s(-9). What is the tens digit of ((-1485)/(-30))/(n/(-4))?
6
Suppose -6*t - 39 = 81. Let l be (-1124)/(-3) - t/(-30). Suppose -5*r - g + 0*g + l = 0, -2*r + 4*g + 132 = 0. What is the units digit of r?
4
Let p be -3 - (-4 + 6 + 0). What is the tens digit of 128 - (-6 + 3 - p)?
2
Let b = 283 - 186. Suppose -4*d + b = 9. What is the units digit of (d - -24)/(2*2/12)?
8
Suppose -5*g + 1124 = -2*k, -5*k + k + 5*g - 2248 = 0. Let m = 92 - k. What is the hundreds digit of m?
6
Let s(x) = 3*x**2 - 15*x + 44. Let c be (1 - 0) + -2 + 72/8. Let z = 18 - c. What is the tens digit of s(z)?
9
Suppose 6985*r - 6993*r + 217736 = 0. What is the thousands digit of r?
7
Suppose 5*y = 6*y + 4, -x + 2860 = -4*y. Suppose -6*l - x = -10*l. What is the units digit of l?
1
Suppose -33*j = 6*j - 216996. What is the thousands digit of j?
5
Let r(p) = -454*p + 4240. What is the hundreds digit of r(-33)?
2
Suppose 3*s = 2*z - 1255 - 112495, -3*s + 56902 = z. What is the units digit of z?
4
Let f(i) = 146*i**2 - 36*i + 96. What is the hundreds digit of f(-10)?
0
Let i(c) = -2*c**3 - 5*c**2 - 3*c - 1. Let u be i(-3). Suppose 5 - u = 6*a. What is the units digit of 142/4 + a/4?
5
Let y = -104165 - -147182. What is the tens digit of y?
1
Suppose 10 = -3*w - 2*q - 2*q, 5*w + q - 6 = 0. Suppose -w*m = -v + 172, v + 4*v - 868 = 2*m. What is the tens digit of v?
7
Let a be ((-3)/6)/((-1)/6). Suppose a*q - 4*f - 3708 = 0, -q - f + 1226 = f. Suppose u = 5*d - q, -5*d - 2*u - 3*u = -1220. What is the tens digit of d?
4
Suppose 20*r - 114 = 17*r. Let j be ((-180)/14)/((-9)/84). Suppose p = 3*f + j, 94 + r = p + 3*f. What is the hundreds digit of p?
1
Let g(r) = 13*r**2 - 37*r + 699. What is the units digit of g(26)?
5
Let f(c) = 2*c**3 - 8*c**2 + 14*c - 19. Let o(r) = -2*r**3 - r**2 + r + 1. Let k(q) = f(q) + 2*o(q). What is the units digit of k(-9)?
7
Let m = 2860 - -2050. What is the hundreds digit of m?
9
Let o = -163 + 163. Suppose 11*c - 386 - 219 = o. What is the units digit of c?
5
Let r = 77 - 62. Let p(o) = r*o - 252 - o**2 + 124 + 116. What is the units digit of p(10)?
8
What is the units digit of 21375 + -2 + -5 + (54/(-9))/(-6)?
9
Let v be 61668/24 - (-2)/4. Let i = v + -1188. What is the thousands digit of i?
1
Let q = 127979 - 77921. What is the tens digit of q?
5
Let o = -6 + 10. Let b(x) = 39 - 18 - o*x - 46*x**3 - 24. What is the units digit of b(-1)?
7
Let c(j) = -8*j + 60. Let y be c(5). Suppose 2188 = y*h - 24*h. Let l = h - -796. What is the hundreds d